. Let z(w) = w**2 - a*w**3 + 2*w + 3*w**3 - 7 - 3*w. Suppose -11*o = 12*o - 29*o. Determine z(o).
-7
Let k(n) = 5 + 3 - n**3 - 85*n**2 - 5*n + 80*n**2 - 4. Suppose 0*v - 32 = -4*v. Suppose -3*q + v*q = -20. What is k(q)?
8
Let p(g) = -5*g - 6. Let s = -13 + 16. Suppose 3*j - 5*h - 36 = -h, 5*h = -s*j + 9. Let q(k) = -2*k - 2. Let b(a) = j*q(a) - 3*p(a). Give b(6).
-4
Let s(f) = -f**3 + 6*f**2 - f - 3. Let t = -45 - -15. Let u = t - -48. Suppose -3*y + 0*y - 39 = -5*x, u = x - 4*y. Determine s(x).
-9
Let v(g) = -7*g**3 + 2*g**2 - 2*g + 1. Let w be v(1). Let x be (-10)/85 - 140/(-34). Let o(i) = -12*i - 9 - 186*i**2 + 185*i**2 + x*i. What is o(w)?
3
Let q(p) = -p + 3. Suppose 5*i - 9 = 4*u - 25, 4*u - 16 = -3*i. Let y(z) = -z**2 + z + 7. Let r be y(i). What is q(r)?
-4
Let m(x) be the second derivative of -x**3/3 + 11*x**2/2 + 449*x. Calculate m(3).
5
Suppose 2*f - 320 = -5*w + 4*f, w - 3*f = 51. Let q be 12/w + (-13)/11. Let p(k) = -3*k + 1. Calculate p(q).
4
Let n be ((-1)/4)/(3/24*-1). Let f be n/((-6)/30*(2 - 0)). Let z(j) = -2*j - 5. Determine z(f).
5
Let y(h) = -37*h**2 + 6*h - 6 + 33*h**2 + 3*h**3 + 0*h**3 - 4*h**3. What is y(-5)?
-11
Let q(u) = -u**3 + 11*u**2 - 10*u + 14. Let n = 1177 + -1167. Give q(n).
14
Let l(s) be the first derivative of -s**4/4 - 7*s**3/3 - 9*s**2/2 + 90. Give l(-6).
18
Let y(k) be the first derivative of 0*k**2 + 0*k + 1/60*k**5 - 1/4*k**4 - 1 - k**3. Let c(a) be the third derivative of y(a). Determine c(4).
2
Let o(m) = -m**2 + 6*m - 2. Let x = -36 - -42. Determine o(x).
-2
Let c(k) = -3*k**2 + 5*k**2 + 2*k - 1 - 4*k**3 + 0*k + 2*k**3. Suppose 5*o - 15 = -5*t, -5*t - 28 = -t - 4*o. What is c(t)?
19
Let b(s) be the second derivative of s**5/60 - s**4/4 - 2*s**3/3 + s**2 - 3*s. Let t(p) be the first derivative of b(p). Give t(5).
-9
Let n(d) be the second derivative of 3*d**5/20 + d**4/6 - d**2/2 + d. Let q(m) = m**2 + 2*m + 2. Let i be q(0). Let w = i - 3. Give n(w).
-2
Let l(c) = 3 + 1 + 3*c**3 - 4*c**3 - 4*c - 4*c**2 - 10. Let d be l(-4). Let h(i) = 2*i - 8*i - i**2 + 4 + 4*i + d*i. What is h(6)?
16
Let p(i) = i**2 - 2. Let j(h) = -h**3 + 11*h**2 + 9*h - 18. Let l(q) = j(q) - 4*p(q). Give l(8).
-2
Suppose -5*z + 3*z - a = 2, -2*z - 2 = -a. Let l(c) be the third derivative of c**4/6 + c**3/6 + 15*c**2. Determine l(z).
-3
Let j(z) = -7*z + 1. Let q be j(1). Suppose 24*k = 26*k + 12. Let a(m) = -m**3 - 4. Let r(x) = x**3 - x**2 + 4. Let b(i) = k*r(i) - 7*a(i). Determine b(q).
4
Suppose 20 = 4*p - 4*w, 3*p - 14 = -12*w + 16*w. Let q(k) = k**2 - 4*k - 3. Determine q(p).
9
Let t(j) = 4*j + 11. Let z(h) = 5*h + 12. Let d(i) = -4*t(i) + 3*z(i). Let n be -3 + -1 - (0 + -4). Calculate d(n).
-8
Let v(i) = i**2 - 18*i + 11. Suppose 6 = h - 11. Let m be v(h). Let y(a) be the first derivative of -a**2/2 - 3*a - 8. Give y(m).
3
Let s(c) = -c. Let z(b) = -b**2 + 8*b - 6. Let f(k) = s(k) + z(k). Calculate f(6).
0
Suppose 21*l + 200 = 41*l. Let k(y) = -2*y + 16. What is k(l)?
-4
Suppose m = -0*m + 1. Let r = 16 - m. Suppose t + 3*o = -t + r, -4*t = -3*o + 15. Let d(h) = h**3 + 5. Determine d(t).
5
Let c(f) = -3*f**3 + f**2 - f. Let h(u) = 12 - 3 + 2*u - u. Let v be (8/(-5))/((-4)/(-20)). Let s be h(v). What is c(s)?
-3
Let t(k) = 227 + 230 - 451 - 2*k. Give t(-4).
14
Let o(q) = q**3 + 8*q**2 + 6*q + 1. Suppose -w + 0*z + 3 = 5*z, -4*z = 4*w + 4. Let s be (-2)/(-2) + ((-4)/w - 10). Calculate o(s).
8
Let x(k) = k**3 + k**2 + 7*k + 7. Let w(f) = f**3 + 2*f**2 + 7*f + 6. Let z(u) = -6*w(u) + 5*x(u). Let t be 0 + (2 - 4) + 2*-2. What is z(t)?
5
Let g(k) = -2*k + 4*k**2 + 23*k - 8*k - 6*k - k**3 - 1. Determine g(5).
9
Let g(j) = -j + 10. Let z(i) = 3*i**3 - 44*i**2 - 16*i + 25. Let y be z(15). Calculate g(y).
0
Suppose 0 = -3*a - 17 + 2. Let y(i) = i**3 + 5*i**2 - 2*i - 4. Let z be y(a). Suppose -6 - z = 4*c. Let o(g) = -g**3 - 5*g**2 - 3*g + 4. Give o(c).
-5
Suppose 0 = -173*c + 170*c + 24. Let w(s) = 2*s - 3. What is w(c)?
13
Let l(u) be the third derivative of -u**5/20 - 19*u**4/24 - u**3/2 + 86*u**2. What is l(-6)?
3
Let i(c) = -13*c + 17. Let h(r) = -11*r + 16. Let n(w) = 6*h(w) - 5*i(w). Calculate n(7).
4
Let t = -302 - -300. Let m(z) = 3*z**3 + 2. Calculate m(t).
-22
Let l = 403 + -409. Let p(i) be the first derivative of -i**2 - 1. Determine p(l).
12
Suppose -77*l + 72*l = -5*y - 45, 4*y + 31 = 3*l. Let n(k) = 5*k - 4. Calculate n(l).
21
Let i(p) = -7*p + 5. Let h = 365 + -357. What is i(h)?
-51
Suppose 3*s - 99 = 21. Suppose -5*q = -4*p + s, q - 4*p = 6*q. Let r(a) = -a**2 - 4*a - 3. Let g be r(q). Let f(v) = -v. Give f(g).
3
Let j(v) = 242*v + 243*v + 4 - 478*v + 2*v**2. Determine j(-3).
1
Let r(s) = s - 2. Let g be r(4). Let x(k) = -5*k + 5*k**2 + 5 + k + g. Let a(h) = -11*h**2 + 9*h - 15. Let t(q) = -6*a(q) - 13*x(q). Calculate t(4).
7
Let l(r) = -r + 13. Let n be l(14). Let t(i) = -9*i**2 - i. Determine t(n).
-8
Let t(c) be the second derivative of -c**4/12 - 278*c. Calculate t(-2).
-4
Let l(z) be the first derivative of -z**5/20 - z**4/2 - 3*z**2 + 36*z + 25. Let k(f) be the first derivative of l(f). Give k(-6).
-6
Let o(p) = -2*p - 1. Let w be o(-2). Suppose -2*v + 1 = -w. Let z(j) be the third derivative of j**6/120 - j**5/15 + j**3/6 - j**2 - 581*j. What is z(v)?
-7
Let v(a) = a**3 + 3*a**2 - 4*a. Let x(p) = 2*p**3 + 2*p**2 - 4*p - 1. Let w(b) = -3*v(b) + 2*x(b). Suppose 5 = -t - i + 11, 3*t + 2*i - 16 = 0. Determine w(t).
-2
Let s(c) = c - 9. Let q be s(8). Let n be (-6)/(-3)*4 + q. Let a(d) = n - d + 1 - 7 + d**3. Give a(2).
7
Let g(d) be the third derivative of -d**3 - 1/24*d**4 - 3*d**2 + 0*d - 1/12*d**5 + 0 + 1/120*d**6. What is g(5)?
-11
Let r be ((-32)/64)/((-1)/6). Let u(k) = -k**3 + k**2 + 2*k + 3. Give u(r).
-9
Let c(v) = v. Let g(a) = 2*a + 2*a - 6*a. Let z(y) = -c(y) - g(y). Calculate z(9).
9
Let b(v) be the third derivative of v**6/120 - v**5/30 + v**3/3 - 143*v**2. Let t(y) = -y + 4. Let u be t(2). What is b(u)?
2
Let z(r) = r**2 - 3*r - 4. Suppose 21*j = 18*j + 63. Let q = j + -21. Suppose -5*h + 3*p = -17, -10 = -2*h - q*h - 2*p. What is z(h)?
0
Let i(o) = -o**2 - 10*o - 11. Let s be i(-7). Suppose 5*m - 3*m = -s. Let g(v) = -2*v - 7. Calculate g(m).
3
Let a(b) = b + 2. Let n = 48 + -58. Let l = n + 8. Give a(l).
0
Let a = -844 - -840. Let s(u) = u - 7. Calculate s(a).
-11
Let p(f) = 16*f**2 + 21. Let r(a) = -4 - a**2 + 4*a**2 + 8. Let q(b) = 2*p(b) - 11*r(b). Suppose 3*j = -5*m + 8*j + 10, -4*m - 4*j + 8 = 0. What is q(m)?
-6
Let t(g) be the third derivative of -g**5/60 - g**4/24 + 5*g**3/6 - 2*g**2 - 6*g. Calculate t(6).
-37
Let z be (7/(-3) + 2)*-21. Let o(m) = -m**3 + 6*m**2 + 6*m + 3. Calculate o(z).
-4
Let c be (88/(-8) - -7 - -14)*-1. Let o(m) = m**2 + 7*m - 23. Calculate o(c).
7
Suppose -17 = -3*f + 7. Let a(m) = -9*m + f*m - 9 + 24. Let v be a(10). Let r(g) = -g**3 + 4*g**2 + 5*g + 5. Give r(v).
5
Let p(d) = -d**3 - 8*d**2 + 20*d + 7. Suppose -27 = 3*c - l, -3*l - 3 + 14 = -2*c. Calculate p(c).
7
Let x(c) = -4*c**3 + 0 - 4 + 1 - 4*c**2 - 11*c. Let l(z) = -9*z**3 - 7*z**2 - 23*z - 5. Let u(j) = 3*l(j) - 7*x(j). Suppose -7*h - 3236 + 3176 = 3*h. Give u(h).
-6
Let k be 0*(0 - (-1)/(-2)). Let r(f) = 7*f + 4. Let l = 12 + -9. Let n(b) = -4*b - 2. Let z(x) = l*r(x) + 5*n(x). Give z(k).
2
Suppose -w - 3*r - 4 = 0, 0 = -4*w - r - 3 - 2. Let n(l) = -3*l + 1. Let v be n(w). Suppose -2*p = -2 - v. Let u(t) = -t**3 + 4*t**2 + t - 3. Give u(p).
9
Let z(q) = q**3 - 3*q**2 + q + 4. Let j be (140/21)/(-10)*-6. Determine z(j).
24
Suppose 2 = 2*j - 4*j - 2*i, -2*j + 5*i + 19 = 0. Let o(m) = 8*m**2 + 0 - 7 + j - m**3 - 2 - 5*m. Determine o(7).
7
Let h(o) = -o**3 - 7*o**2 - 3*o + 16. Let p be h(-8). Let j(a) = 0 + 0 - p*a**2 - 5*a + 103*a**2 - 3. Give j(-3).
3
Suppose -3*c + 5*o - 2*o = -45, c - 3*o = 23. Let f(q) = -c*q**3 - 476*q - 2*q**2 + 476*q + 1. Suppose 4*d - 15 = 5*b, 2*b - 5*d + 17 = -6. Determine f(b).
-12
Let y(j) = j**2 - 6*j - 11. Let u be -2*(-14)/(-4) + 15. What is y(u)?
5
Let d = 395 - 403. Let t(q) = q**2 + 7*q - 15. What is t(d)?
-7
Let n(i) be the third derivative of i**7/840 - 7*i**6/360 + i**5/24 + i**4/8 + i**3/6 + 17*i**2. Let p(z) be the first derivative of n(z). Give p(6).
-3
Let d(r) = 6*r - 7. Let c(h) = -h**2 - 16*h + 63. Let m be c(-19). Determine d(m).
29
Let g(b) = b**3 - b**2